der when 106 is divided by o.
19
Let i(s) be the second derivative of -12*s**5/5 - s**4/12 + s**2/2 + s. Let o be i(1). Calculate the remainder when 5 is divided by (1/(-3))/(8/o).
1
Let a = -73 + 91. Calculate the remainder when 29 is divided by a.
11
Suppose 10*p - 8*p - 90 = 0. What is the remainder when p is divided by 32?
13
Let r = 198 - 52. Let o(j) = 10*j**2 - 52*j + 1. Calculate the remainder when r is divided by o(6).
48
Suppose -5*m - 1728 = -17*m. What is the remainder when m is divided by 21?
18
Suppose 0 = 4*a + 3*k - 1152, 210*a - 207*a + 2*k = 863. Calculate the remainder when a is divided by 26.
25
Let j be 45/(-10)*(-2)/3. Suppose j*w - 17 - 13 = 0. Suppose 0 = 5*u + 4*f - 27, 4*u + 3 = 7*f - 2*f. What is the remainder when w is divided by u?
1
Let l = -3 - -12. Let r = 24 - l. What is the remainder when 57 is divided by r?
12
Let j(p) be the third derivative of 5*p**4/24 + p**3/2 + p**2. Suppose 66 = 4*t + 2*w, 250*w - 253*w = -9. Calculate the remainder when j(5) is divided by t.
13
Let w(y) = -2*y**2 + 7*y - 10. Let r be w(6). Calculate the remainder when 48 is divided by (r/(-6))/(6/9).
8
Suppose 28 = 2*r - 32. Let v(g) = -g - 5. Let b be v(-10). Suppose a - b*k - 13 = 0, -2*k + 5 = -7*k. What is the remainder when r is divided by a?
6
Let p(d) = -d**3 + 9*d**2 + 10*d + 3. Let y = 4 + -4. Suppose 3*b = -2*u + 22, -4*u + 7*b - 2*b = y. What is the remainder when u is divided by p(10)?
2
Let v = 652 - 158. Calculate the remainder when v is divided by 45.
44
Suppose 15*m - 10 = -2*v + 12*m, -m - 26 = -2*v. Suppose -42 = -2*p - 4. Calculate the remainder when p is divided by v.
8
Let h = -9 + 13. Suppose 5*j - 4*n = -8*n + 82, -26 = -j - h*n. Suppose 39 + 41 = 10*m. What is the remainder when j is divided by m?
6
Let v = 364 - 198. Calculate the remainder when v is divided by 19.
14
Let v(t) = 79*t**2 - 6*t - 3. Let h be v(3). Calculate the remainder when h/24*(-2 + 0 + 6) is divided by 29.
28
Let h = 50 - 45. Suppose -4*j - 10 = -f, 4*j + j - h = 0. What is the remainder when 81 is divided by f?
11
Suppose -h - 3*u = 35 - 48, -3*u + 6 = 0. Calculate the remainder when h is divided by 7.
0
Suppose 0 = -3*z + 3 + 9. What is the remainder when ((-15)/(-4))/((-1)/(-3 + -1)) is divided by z?
3
Let o(h) = 5*h + 3*h**2 + 13 - 2 - 25*h. What is the remainder when 195 is divided by o(7)?
15
Let g(q) = -1 + 0*q**2 + q**2 - q - 2*q. Let i be g(3). Calculate the remainder when 51 is divided by 25*(-5)/(-5) - i.
25
Let b(r) = -75*r - 2090. Suppose -4*w + w = 3*l - 186, -2*w - 5*l + 109 = 0. Calculate the remainder when w is divided by b(-28).
7
Suppose 27 = 3*d - 3*n, d - 6*n + n - 21 = 0. Calculate the remainder when 38 is divided by d.
2
Let l = -8 + 31. Let q(w) = -2*w**3 - 4*w + 1. Calculate the remainder when q(-3) is divided by l.
21
Suppose 8*t = 1376 - 1224. Calculate the remainder when 117 is divided by t.
3
Suppose 0*r - 5*r = -15. Let d be (r/5)/(2/(-10)). Calculate the remainder when 45 is divided by (-71)/d + (-10)/15.
22
Suppose 2*p + 30 = 28. Calculate the remainder when 132 is divided by (28/(-3) + 3)*3*p.
18
Suppose p + 17*h = 14*h + 173, -3*h = -15. Calculate the remainder when p is divided by 43.
29
Let a = -620 - -711. What is the remainder when 635 is divided by a?
89
Let f(v) = -v**3 + 17*v**2 + 27*v - 51. Calculate the remainder when f(18) is divided by 24.
15
Calculate the remainder when 104 is divided by (5/(30/(-212)))/(24/(-36)).
51
Let c = 138 + -109. Let y(n) = n**3 + 5*n**2 + 5*n. Let a be y(-4). Let z = a - -12. What is the remainder when c is divided by z?
5
Let f = 12 + 0. Suppose 0 = 2*r + q - 86, -q - 4 = -0*q. What is the remainder when r is divided by f?
9
Let w be -3*(-4)/24*6. Let s be 3 + (-1 - (w + 5)). What is the remainder when 30 is divided by s/(-9)*12 + 3?
8
Let z(i) = i + 1. Let v be z(1). Suppose s = 2*b - 15, b + b = -v*s. Calculate the remainder when (12/10)/((-18)/(-135)) is divided by b.
4
Let n = 4 - 3. Let a be ((-3 - -7) + 45)*n. Suppose 47 = 6*o - a. Calculate the remainder when 46 is divided by o.
14
Let h = -602 + 607. Calculate the remainder when 61 is divided by h.
1
Let n = 3 + 41. Suppose -v = -5*v + n. Let j = 74 - 42. Calculate the remainder when j is divided by v.
10
Suppose -2*d + 150 = 32. What is the remainder when 174 is divided by d?
56
Let w = 897 + -729. Calculate the remainder when w is divided by 85.
83
Suppose 0 = -5*c + 3*b + 3162, 0 = -2*c - 4*b - 117 + 1361. Calculate the remainder when c is divided by 206.
12
Let o = -2064 - -2371. What is the remainder when o is divided by 45?
37
Let x = -68 - -70. Suppose -61 - 23 = -4*a. What is the remainder when -1*((x + 1 - 6) + -58) is divided by a?
19
Let b(d) = 139*d - 68. What is the remainder when b(10) is divided by 63?
62
Let v be 11/(-11)*(-3 + 0). Suppose -4*a + v = -61. What is the remainder when 29 is divided by a?
13
Suppose -6*d - 33 = -141. What is the remainder when 41 is divided by (-2600)/(-117) + (-4)/d?
19
Suppose 5*o - 189 = -3*p, 20*o + 80 = 22*o - p. What is the remainder when 581 is divided by o?
35
Suppose 5*d + 33 = 8*d. Suppose -14*j = -d*j - 6. What is the remainder when 284/3 + j/(-3) is divided by 19?
18
Let v = 1764 + -1172. Calculate the remainder when v is divided by 25.
17
Suppose 0 = l + 2*l - 189. Let t(y) = 3*y + 4*y**2 - 4 + 4*y**2 - 6*y**2. What is the remainder when l is divided by t(-4)?
15
Let a(o) = o**2 + 6*o + 19. Suppose -g + 2*g = -4*m - 5, -g + 5*m - 14 = 0. What is the remainder when a(g) is divided by 10?
6
Suppose 6*i = 1355 + 61. Calculate the remainder when i is divided by 40.
36
Let k = -27 + 34. Suppose -k*b + 3*b + 176 = 0. Calculate the remainder when b is divided by 16.
12
Suppose -172 = -2*l - 168. Suppose 0 = -l*w - p + 2*p + 5, 4*w - 4*p = 4. What is the remainder when 15 is divided by w?
3
Suppose u + 2*i = 26, -u + 28 = -i - 7. Let z be 28/(-1)*(-8)/u. Suppose -z*o = -158 + 39. Calculate the remainder when 49 is divided by o.
15
Suppose -3*p = -2*p + 18. Let u be p*4/(-8)*-1. Calculate the remainder when 39 is divided by (-2)/u + 176/18.
9
Let d(l) = l**3 - 10*l**2 + 2*l - 1. Suppose 2*v = 6*o + 187 - 47, v - 4*o = 75. Calculate the remainder when v is divided by d(10).
17
Let y = -46 + 82. Suppose 5*s = -s - y. Let h(w) = -6*w + 1. What is the remainder when h(s) is divided by 13?
11
Let v = 216 - 108. Suppose 2*h = -h - 2*m + v, 4*h + 5*m - 151 = 0. What is the remainder when 168 is divided by h?
32
Let w = -26 + 25. What is the remainder when (w + 2)*(20 + -3) is divided by 6?
5
Suppose -183 = -o - 2*o. Suppose 0 = 16*w - 40 - 72. What is the remainder when o is divided by w?
5
Let l be ((-2)/(-2))/((-2)/(-4)). What is the remainder when l/(((-8)/194)/(-2)) is divided by ((-4)/(-6) - 0)*10/50*105?
13
Let u(d) = 3*d**2 - 46*d - 38. What is the remainder when u(20) is divided by 41?
37
Let v(o) = -124*o + 374. What is the remainder when v(-6) is divided by 5?
3
Calculate the remainder when 4/(3/194*(-16)/(-48)) is divided by 26.
22
Let b(a) = a**3 - 16*a + 579. Calculate the remainder when b(0) is divided by 83.
81
Let v(f) = 35*f - 43. Let b be v(3). Suppose 76 = b*m - 60*m. Calculate the remainder when 109 is divided by m.
33
Let v = 913 - 525. Calculate the remainder when v is divided by 124.
16
Let u be 16/(-10)*5/(-2). Suppose 5*g - 5 = u*g. Suppose g*s - 130 - 50 = 0. Calculate the remainder when s is divided by 13.
10
Let j be 5/((-5)/(-2)) - 0. Suppose -3 = -j*q - q. Suppose g - 6*g - q = -2*f, 4*g = -4*f + 16. Calculate the remainder when f is divided by 2.
1
Let h(l) = 2*l**2 - 96*l + 99. Calculate the remainder when 31 is divided by h(47).
1
What is the remainder when -11*(42/(-11) - (-14)/(-77)) is divided by (-3)/(-3 - 132/(-46))?
21
Let x = 96 - 99. Suppose 0 = 4*i - 6*i + 18. Calculate the remainder when 170*x/(-6)*4/10 is divided by i.
7
Suppose 5*f - 115 = -3*s, 0 + 5 = f - 3*s. Suppose z = -3*z - 136. Let h = z + 73. Calculate the remainder when h is divided by f.
19
Suppose 3*s - 9 = -4*u, -7*s + 4*s + 6 = 5*u. Suppose -16 = -4*k - 3*y - 91, -12 = -4*y. Let q = 18 - k. Calculate the remainder when q is divided by s.
4
Let i(d) = -1049*d**3 - d**2 + 5*d + 5. Let z be i(-1). Calculate the remainder when 131 is divided by z/32 + (1 - 0)/4